487, 1543
List the prime factors of 718383186.
2, 3, 29, 1376213
List the prime factors of 46810410.
2, 3, 5, 103, 15149
List the prime factors of 5705965935.
3, 5, 17, 277, 26927
List the prime factors of 73867401.
3, 61, 157, 857
What are the prime factors of 176245878?
2, 3, 367, 80039
What are the prime factors of 45306656?
2, 1415833
List the prime factors of 15610119.
3, 7, 743339
List the prime factors of 3457875201.
3, 11, 83, 114769
What are the prime factors of 52300287?
3, 13, 447011
What are the prime factors of 1085661086?
2, 542830543
List the prime factors of 51180811.
11, 73, 63737
What are the prime factors of 718101527?
11, 13, 1609, 3121
List the prime factors of 4735661131.
4735661131
List the prime factors of 471128258.
2, 29, 197, 41233
List the prime factors of 215264973.
3, 7, 11, 931883
List the prime factors of 24652000.
2, 5, 6163
List the prime factors of 519497959.
519497959
What are the prime factors of 2556867347?
367, 6966941
List the prime factors of 279557309.
279557309
List the prime factors of 98925528.
2, 3, 13, 313, 1013
List the prime factors of 2754183361.
19, 144957019
List the prime factors of 166265131.
166265131
What are the prime factors of 28005432?
2, 3, 7, 13, 12823
List the prime factors of 1681597014.
2, 3, 19, 149, 98999
List the prime factors of 147924508.
2, 1039, 35593
List the prime factors of 23621367.
3, 7, 11, 293, 349
List the prime factors of 55306273.
11, 109, 193, 239
What are the prime factors of 32365083?
3, 431, 25031
List the prime factors of 1817307137.
563, 3227899
What are the prime factors of 12397155?
3, 5, 826477
What are the prime factors of 118362897?
3, 83, 52817
What are the prime factors of 281142299?
43, 383, 397
What are the prime factors of 51389030?
2, 5, 7, 11, 66739
List the prime factors of 4206375694.
2, 2103187847
What are the prime factors of 161453232?
2, 3, 1121203
List the prime factors of 33727672.
2, 11, 487, 787
List the prime factors of 44655280.
2, 5, 131, 4261
List the prime factors of 1184394074.
2, 53, 101, 110629
List the prime factors of 35376135.
3, 5, 2358409
List the prime factors of 108433683.
3, 347, 34721
List the prime factors of 1204975327.
1204975327
List the prime factors of 163960855.
5, 32792171
What are the prime factors of 388253139?
3, 129417713
What are the prime factors of 514457524?
2, 7, 31, 592693
What are the prime factors of 15680804?
2, 3920201
What are the prime factors of 832280188?
2, 31, 6711937
What are the prime factors of 30045976?
2, 3755747
List the prime factors of 2867751298.
2, 107, 13400707
What are the prime factors of 50135866?
2, 11, 31, 41, 163
List the prime factors of 544005920.
2, 5, 109, 31193
List the prime factors of 121619082.
2, 3, 13, 257, 6067
List the prime factors of 346233997.
346233997
What are the prime factors of 2668227124?
2, 53, 12585977
What are the prime factors of 75888929?
75888929
What are the prime factors of 2188116548?
2, 1171, 467147
What are the prime factors of 103393955?
5, 7, 2954113
What are the prime factors of 60159223?
71, 401, 2113
What are the prime factors of 740265360?
2, 3, 5, 101, 30539
List the prime factors of 85291970.
2, 5, 8529197
What are the prime factors of 1157567326?
2, 578783663
List the prime factors of 1166338240.
2, 5, 29, 125683
List the prime factors of 253679238.
2, 3, 107, 131713
List the prime factors of 5132398.
2, 2566199
List the prime factors of 56712822.
2, 3, 9452137
List the prime factors of 544299737.
277, 1964981
List the prime factors of 33652102.
2, 11, 397, 3853
List the prime factors of 2341726846.
2, 17, 68874319
List the prime factors of 1288756995.
3, 5, 17, 5053949
List the prime factors of 469543046.
2, 7, 881, 38069
What are the prime factors of 21244349?
7, 3034907
What are the prime factors of 46383216?
2, 3, 11, 107, 821
List the prime factors of 795900900.
2, 3, 5, 17, 156059
What are the prime factors of 1311249447?
3, 145694383
List the prime factors of 378012284.
2, 13, 397, 18311
What are the prime factors of 41825511?
3, 7, 13, 29, 587
What are the prime factors of 1535183146?
2, 7, 109655939
What are the prime factors of 268856509?
283, 950023
List the prime factors of 83254316.
2, 71, 293149
List the prime factors of 83319299.
7, 11902757
List the prime factors of 5129536991.
5129536991
List the prime factors of 612675647.
59, 10384333
What are the prime factors of 9488685056?
2, 1723, 2689
What are the prime factors of 623753213?
41, 2333, 6521
List the prime factors of 341777343.
3, 9839, 11579
What are the prime factors of 6607114883?
6607114883
List the prime factors of 1089376266.
2, 3, 11, 16505701
List the prime factors of 82665333.
3, 19, 161141
What are the prime factors of 15547173?
3, 1949, 2659
What are the prime factors of 332005618?
2, 7, 41, 578407
What are the prime factors of 2033688861?
3, 2473, 91373
What are the prime factors of 2591118531?
3, 1429, 67157
What are the prime factors of 1935049823?
7, 23, 181, 66403
What are the prime factors of 800185468?
2, 200046367
List the prime factors of 7061561480.
2, 5, 29, 43, 67, 2113
What are the prime factors of 384286678?
2, 192143339
What are the prime factors of 1803265734?
2, 3, 23, 59, 221477
What are the prime factors of 152019545?
5, 617, 49277
What are the prime factors of 687518137?
2131, 322627
What are the prime factors of 2708819929?
463, 5850583
List the prime factors of 1162909095.
3, 5, 23, 3370751
What are the prime factors of 25807544?
2, 7, 59, 73, 107
What are the prime factors of 20670313?
20670313
List the prime factors of 269260626.
2, 3, 911, 49261
What are the prime factors of 43436983?
19, 29, 31, 2543
List the prime factors of 250015854.
2, 3, 11, 1583, 2393
List the prime factors of 150171951.
3, 101, 495617
What are the prime factors of 14355672?
2, 3, 587, 1019
What are the prime factors of 82209702?
2, 3, 163, 84059
What are the prime factors of 24294581?
17, 1429093
List the prime factors of 809087575.
5, 32363503
List the prime factors of 102880201.
6883, 14947
What are the prime factors of 1700159642?
2, 6779, 125399
List the prime factors of 366798866.
2, 7, 73, 358903
What are the prime factors of 45720209?
45720209
What are the prime factors of 20267574?
2, 3, 73, 46273
List the prime factors of 315510370.
2, 5, 7, 67, 67273
What are the prime factors of 352098810?
2, 3, 5, 7, 79841
What are the prime factors of 292930401?
3, 101, 541, 1787
List the prime factors of 23266010.
2, 5, 43, 61, 887
What are the prime factors of 19281379?
13, 271, 421
List the prime factors of 778355512.
2, 11, 23, 373, 1031
What are the prime factors of 118098592?
2, 17, 31, 47, 149
List the prime factors of 187993308.
2, 3, 15666109
List the prime factors of 104997803.
104997803
List the prime factors of 54973980.
2, 3, 5, 305411
List the prime factors of 279554158.
2, 13, 2089, 5147
What are the prime factors of 1462869896?
2, 751, 243487
What are the prime factors of 3116250444?
2, 3, 259687537
List the prime factors of 428733102.
2, 3, 7, 1031, 9901
What are the prime factors of 1537937477?
79, 137, 142099
What are the prime factors of 7586114312?
2, 7, 135466327
What are the prime factors of 197631576?
2, 3, 113, 2699
What are the prime factors of 1409019733?
11, 128092703
List the prime factors of 1757745325.
5, 7, 10044259
What are the prime factors of 13255194?
2, 3, 53, 73, 571
List the prime factors of 6904543770.
2, 3, 5, 76717153
List the prime factors of 3448455230.
2, 5, 11, 2849963
What are the prime factors of 836397355?
5, 8431, 19841
What are the prime factors of 121179607?
1373, 88259
What are the prime factors of 5290991951?
7, 755855993
List the prime factors of 804234787.
804234787
List the prime factors of 1468016046.
2, 3, 7, 11650921
What are the prime factors of 1908262062?
2, 3, 7, 389, 38933
What are the prime factors of 10837761?
3, 11, 23, 109, 131
What are the prime factors of 2013576585?
3, 5, 19, 47, 150323
What are the prime factors of 67807727?
13, 41, 127219
List the prime factors of 571517540.
2, 5, 11, 37, 61, 1151
List the prime factors of 4027465352.
2, 503433169
List the prime factors of 3312517590.
2, 3, 5, 36805751
What are the prime factors of 1543740553?
20477, 75389
What are the prime fact